{"id":18,"date":"2022-01-09T19:20:31","date_gmt":"2022-01-09T19:20:31","guid":{"rendered":"https:\/\/avz2.avanzara.hosting24.pl\/?page_id=18"},"modified":"2022-02-01T16:25:16","modified_gmt":"2022-02-01T16:25:16","slug":"hello-hola-czesc","status":"publish","type":"page","link":"https:\/\/avz2.avanzara.hosting24.pl\/?page_id=18","title":{"rendered":"O mnie"},"content":{"rendered":"\n<h2 class=\"wp-block-heading\" id=\"hello-hola-czesc\">Hello! \u00a1Hola! Cze\u015b\u0107!<\/h2>\n\n\n\n<div class=\"wp-block-columns is-layout-flex wp-container-core-columns-is-layout-9d6595d7 wp-block-columns-is-layout-flex\">\n<div class=\"wp-block-column is-layout-flow wp-block-column-is-layout-flow\" style=\"flex-basis:66.66%\">\n<p class=\"has-drop-cap\">Nazywam si\u0119 Agata Zep, z wykszta\u0142cenia jestem magistrem filologii hiszpa\u0144skiej. Posiadam tak\u017ce dyplom CAE, potwierdzaj\u0105cy znajomo\u015b\u0107 j\u0119zyka angielskiego na poziomie C1. Szczeg\u00f3lnie interesuj\u0105 mnie t\u0142umaczenia pisemne, w tym literackie. Swoj\u0105 wiedz\u0119 w dziedzinie literatury hiszpa\u0144skiej pog\u0142\u0119biam na studiach doktoranckich.<\/p>\n\n\n\n<hr class=\"wp-block-separator has-text-color has-background has-vivid-cyan-blue-background-color has-vivid-cyan-blue-color\"\/>\n\n\n\n<p>Lubi\u0119 wyzwania intelektualne, jakie wi\u0105\u017c\u0105 si\u0119 z t\u0142umaczeniem tekst\u00f3w, ale lubi\u0119 te\u017c pomaga\u0107 innym ludziom w opanowywaniu j\u0119zyk\u00f3w obcych. Mia\u0142am okazj\u0119 uczy\u0107 angielskiego i hiszpa\u0144skiego osoby r\u00f3\u017cnym wieku i r\u00f3\u017cnym poziomie zaawansowania. Jestem przekonana o wysokiej skuteczno\u015bci indywidualnego podej\u015bcia do nauczania. <\/p>\n\n\n\n<h4 class=\"has-text-align-center wp-block-heading\" id=\"wierze-w-potencjal-kazdego-z-moich-uczniow\">Wierz\u0119 w potencja\u0142 ka\u017cdego z moich uczni\u00f3w.<\/h4>\n<\/div>\n\n\n\n<div class=\"wp-block-column is-layout-flow wp-block-column-is-layout-flow\" style=\"flex-basis:33.33%\">\n<figure class=\"wp-block-image size-full is-resized\"><img loading=\"lazy\" decoding=\"async\" src=\"https:\/\/avz2.avanzara.hosting24.pl\/wp-content\/uploads\/2022\/01\/2.png\" alt=\"\" class=\"wp-image-19\" width=\"490\" height=\"305\" srcset=\"https:\/\/avz2.avanzara.hosting24.pl\/wp-content\/uploads\/2022\/01\/2.png 558w, https:\/\/avz2.avanzara.hosting24.pl\/wp-content\/uploads\/2022\/01\/2-300x187.png 300w, https:\/\/avz2.avanzara.hosting24.pl\/wp-content\/uploads\/2022\/01\/2-480x300.png 480w\" sizes=\"auto, (max-width: 490px) 100vw, 490px\" \/><\/figure>\n<\/div>\n<\/div>\n","protected":false},"excerpt":{"rendered":"<p>Hello! \u00a1Hola! Cze\u015b\u0107! Nazywam si\u0119 Agata Zep, z wykszta\u0142cenia jestem magistrem filologii hiszpa\u0144skiej. Posiadam tak\u017ce dyplom CAE, potwierdzaj\u0105cy znajomo\u015b\u0107 j\u0119zyka angielskiego na poziomie C1. Szczeg\u00f3lnie interesuj\u0105 mnie t\u0142umaczenia pisemne, w &#8230;<\/p>\n","protected":false},"author":1,"featured_media":0,"parent":6,"menu_order":1,"comment_status":"closed","ping_status":"closed","template":"","meta":{"footnotes":""},"class_list":["post-18","page","type-page","status-publish","hentry"],"yoast_head":"<!-- This site is optimized with the Yoast SEO plugin v27.4 - https:\/\/yoast.com\/product\/yoast-seo-wordpress\/ -->\n<title>O mnie - Avanzara<\/title>\n<meta name=\"robots\" content=\"index, follow, max-snippet:-1, max-image-preview:large, max-video-preview:-1\" \/>\n<link rel=\"canonical\" href=\"https:\/\/avz2.avanzara.hosting24.pl\/?page_id=18\" \/>\n<meta property=\"og:locale\" content=\"pl_PL\" \/>\n<meta property=\"og:type\" content=\"article\" \/>\n<meta property=\"og:title\" content=\"O mnie - Avanzara\" \/>\n<meta property=\"og:description\" content=\"Hello! \u00a1Hola! Cze\u015b\u0107! Nazywam si\u0119 Agata Zep, z wykszta\u0142cenia jestem magistrem filologii hiszpa\u0144skiej. Posiadam tak\u017ce dyplom CAE, potwierdzaj\u0105cy znajomo\u015b\u0107 j\u0119zyka angielskiego na poziomie C1. Szczeg\u00f3lnie interesuj\u0105 mnie t\u0142umaczenia pisemne, w ...\" \/>\n<meta property=\"og:url\" content=\"https:\/\/avz2.avanzara.hosting24.pl\/?page_id=18\" \/>\n<meta property=\"og:site_name\" content=\"Avanzara\" \/>\n<meta property=\"article:publisher\" content=\"https:\/\/www.facebook.com\/Avanzara-1650735318307180\" \/>\n<meta property=\"article:modified_time\" content=\"2022-02-01T16:25:16+00:00\" \/>\n<meta property=\"og:image\" content=\"https:\/\/avz2.avanzara.hosting24.pl\/wp-content\/uploads\/2022\/01\/2.png\" \/>\n<meta name=\"twitter:card\" content=\"summary_large_image\" \/>\n<meta name=\"twitter:label1\" content=\"Szacowany czas czytania\" \/>\n\t<meta name=\"twitter:data1\" content=\"1 minuta\" \/>\n<script type=\"application\/ld+json\" class=\"yoast-schema-graph\">{\"@context\":\"https:\\\/\\\/schema.org\",\"@graph\":[{\"@type\":\"WebPage\",\"@id\":\"https:\\\/\\\/avz2.avanzara.hosting24.pl\\\/?page_id=18\",\"url\":\"https:\\\/\\\/avz2.avanzara.hosting24.pl\\\/?page_id=18\",\"name\":\"O mnie - Avanzara\",\"isPartOf\":{\"@id\":\"https:\\\/\\\/avz2.avanzara.hosting24.pl\\\/#website\"},\"primaryImageOfPage\":{\"@id\":\"https:\\\/\\\/avz2.avanzara.hosting24.pl\\\/?page_id=18#primaryimage\"},\"image\":{\"@id\":\"https:\\\/\\\/avz2.avanzara.hosting24.pl\\\/?page_id=18#primaryimage\"},\"thumbnailUrl\":\"https:\\\/\\\/avz2.avanzara.hosting24.pl\\\/wp-content\\\/uploads\\\/2022\\\/01\\\/2.png\",\"datePublished\":\"2022-01-09T19:20:31+00:00\",\"dateModified\":\"2022-02-01T16:25:16+00:00\",\"breadcrumb\":{\"@id\":\"https:\\\/\\\/avz2.avanzara.hosting24.pl\\\/?page_id=18#breadcrumb\"},\"inLanguage\":\"pl-PL\",\"potentialAction\":[{\"@type\":\"ReadAction\",\"target\":[\"https:\\\/\\\/avz2.avanzara.hosting24.pl\\\/?page_id=18\"]}]},{\"@type\":\"ImageObject\",\"inLanguage\":\"pl-PL\",\"@id\":\"https:\\\/\\\/avz2.avanzara.hosting24.pl\\\/?page_id=18#primaryimage\",\"url\":\"https:\\\/\\\/avz2.avanzara.hosting24.pl\\\/wp-content\\\/uploads\\\/2022\\\/01\\\/2.png\",\"contentUrl\":\"https:\\\/\\\/avz2.avanzara.hosting24.pl\\\/wp-content\\\/uploads\\\/2022\\\/01\\\/2.png\",\"width\":558,\"height\":348},{\"@type\":\"BreadcrumbList\",\"@id\":\"https:\\\/\\\/avz2.avanzara.hosting24.pl\\\/?page_id=18#breadcrumb\",\"itemListElement\":[{\"@type\":\"ListItem\",\"position\":1,\"name\":\"Strona g\u0142\u00f3wna\",\"item\":\"https:\\\/\\\/avz2.avanzara.hosting24.pl\\\/\"},{\"@type\":\"ListItem\",\"position\":2,\"name\":\"Strona G\u0142\u00f3wna\",\"item\":\"https:\\\/\\\/avz2.avanzara.hosting24.pl\\\/\"},{\"@type\":\"ListItem\",\"position\":3,\"name\":\"O mnie\"}]},{\"@type\":\"WebSite\",\"@id\":\"https:\\\/\\\/avz2.avanzara.hosting24.pl\\\/#website\",\"url\":\"https:\\\/\\\/avz2.avanzara.hosting24.pl\\\/\",\"name\":\"Avanzara\",\"description\":\"T\u0142umaczenia z pasj\u0105\",\"publisher\":{\"@id\":\"https:\\\/\\\/avz2.avanzara.hosting24.pl\\\/#organization\"},\"potentialAction\":[{\"@type\":\"SearchAction\",\"target\":{\"@type\":\"EntryPoint\",\"urlTemplate\":\"https:\\\/\\\/avz2.avanzara.hosting24.pl\\\/?s={search_term_string}\"},\"query-input\":{\"@type\":\"PropertyValueSpecification\",\"valueRequired\":true,\"valueName\":\"search_term_string\"}}],\"inLanguage\":\"pl-PL\"},{\"@type\":\"Organization\",\"@id\":\"https:\\\/\\\/avz2.avanzara.hosting24.pl\\\/#organization\",\"name\":\"Avanzara\",\"url\":\"https:\\\/\\\/avz2.avanzara.hosting24.pl\\\/\",\"logo\":{\"@type\":\"ImageObject\",\"inLanguage\":\"pl-PL\",\"@id\":\"https:\\\/\\\/avz2.avanzara.hosting24.pl\\\/#\\\/schema\\\/logo\\\/image\\\/\",\"url\":\"https:\\\/\\\/avz2.avanzara.hosting24.pl\\\/wp-content\\\/uploads\\\/2022\\\/01\\\/cropped-avanzara_przezroczyste-tlo-e1641756970388.png\",\"contentUrl\":\"https:\\\/\\\/avz2.avanzara.hosting24.pl\\\/wp-content\\\/uploads\\\/2022\\\/01\\\/cropped-avanzara_przezroczyste-tlo-e1641756970388.png\",\"width\":512,\"height\":512,\"caption\":\"Avanzara\"},\"image\":{\"@id\":\"https:\\\/\\\/avz2.avanzara.hosting24.pl\\\/#\\\/schema\\\/logo\\\/image\\\/\"},\"sameAs\":[\"https:\\\/\\\/www.facebook.com\\\/Avanzara-1650735318307180\"]}]}<\/script>\n<!-- \/ Yoast SEO plugin. -->","yoast_head_json":{"title":"O mnie - Avanzara","robots":{"index":"index","follow":"follow","max-snippet":"max-snippet:-1","max-image-preview":"max-image-preview:large","max-video-preview":"max-video-preview:-1"},"canonical":"https:\/\/avz2.avanzara.hosting24.pl\/?page_id=18","og_locale":"pl_PL","og_type":"article","og_title":"O mnie - Avanzara","og_description":"Hello! \u00a1Hola! Cze\u015b\u0107! Nazywam si\u0119 Agata Zep, z wykszta\u0142cenia jestem magistrem filologii hiszpa\u0144skiej. Posiadam tak\u017ce dyplom CAE, potwierdzaj\u0105cy znajomo\u015b\u0107 j\u0119zyka angielskiego na poziomie C1. Szczeg\u00f3lnie interesuj\u0105 mnie t\u0142umaczenia pisemne, w ...","og_url":"https:\/\/avz2.avanzara.hosting24.pl\/?page_id=18","og_site_name":"Avanzara","article_publisher":"https:\/\/www.facebook.com\/Avanzara-1650735318307180","article_modified_time":"2022-02-01T16:25:16+00:00","og_image":[{"url":"https:\/\/avz2.avanzara.hosting24.pl\/wp-content\/uploads\/2022\/01\/2.png","type":"","width":"","height":""}],"twitter_card":"summary_large_image","twitter_misc":{"Szacowany czas czytania":"1 minuta"},"schema":{"@context":"https:\/\/schema.org","@graph":[{"@type":"WebPage","@id":"https:\/\/avz2.avanzara.hosting24.pl\/?page_id=18","url":"https:\/\/avz2.avanzara.hosting24.pl\/?page_id=18","name":"O mnie - Avanzara","isPartOf":{"@id":"https:\/\/avz2.avanzara.hosting24.pl\/#website"},"primaryImageOfPage":{"@id":"https:\/\/avz2.avanzara.hosting24.pl\/?page_id=18#primaryimage"},"image":{"@id":"https:\/\/avz2.avanzara.hosting24.pl\/?page_id=18#primaryimage"},"thumbnailUrl":"https:\/\/avz2.avanzara.hosting24.pl\/wp-content\/uploads\/2022\/01\/2.png","datePublished":"2022-01-09T19:20:31+00:00","dateModified":"2022-02-01T16:25:16+00:00","breadcrumb":{"@id":"https:\/\/avz2.avanzara.hosting24.pl\/?page_id=18#breadcrumb"},"inLanguage":"pl-PL","potentialAction":[{"@type":"ReadAction","target":["https:\/\/avz2.avanzara.hosting24.pl\/?page_id=18"]}]},{"@type":"ImageObject","inLanguage":"pl-PL","@id":"https:\/\/avz2.avanzara.hosting24.pl\/?page_id=18#primaryimage","url":"https:\/\/avz2.avanzara.hosting24.pl\/wp-content\/uploads\/2022\/01\/2.png","contentUrl":"https:\/\/avz2.avanzara.hosting24.pl\/wp-content\/uploads\/2022\/01\/2.png","width":558,"height":348},{"@type":"BreadcrumbList","@id":"https:\/\/avz2.avanzara.hosting24.pl\/?page_id=18#breadcrumb","itemListElement":[{"@type":"ListItem","position":1,"name":"Strona g\u0142\u00f3wna","item":"https:\/\/avz2.avanzara.hosting24.pl\/"},{"@type":"ListItem","position":2,"name":"Strona G\u0142\u00f3wna","item":"https:\/\/avz2.avanzara.hosting24.pl\/"},{"@type":"ListItem","position":3,"name":"O mnie"}]},{"@type":"WebSite","@id":"https:\/\/avz2.avanzara.hosting24.pl\/#website","url":"https:\/\/avz2.avanzara.hosting24.pl\/","name":"Avanzara","description":"T\u0142umaczenia z pasj\u0105","publisher":{"@id":"https:\/\/avz2.avanzara.hosting24.pl\/#organization"},"potentialAction":[{"@type":"SearchAction","target":{"@type":"EntryPoint","urlTemplate":"https:\/\/avz2.avanzara.hosting24.pl\/?s={search_term_string}"},"query-input":{"@type":"PropertyValueSpecification","valueRequired":true,"valueName":"search_term_string"}}],"inLanguage":"pl-PL"},{"@type":"Organization","@id":"https:\/\/avz2.avanzara.hosting24.pl\/#organization","name":"Avanzara","url":"https:\/\/avz2.avanzara.hosting24.pl\/","logo":{"@type":"ImageObject","inLanguage":"pl-PL","@id":"https:\/\/avz2.avanzara.hosting24.pl\/#\/schema\/logo\/image\/","url":"https:\/\/avz2.avanzara.hosting24.pl\/wp-content\/uploads\/2022\/01\/cropped-avanzara_przezroczyste-tlo-e1641756970388.png","contentUrl":"https:\/\/avz2.avanzara.hosting24.pl\/wp-content\/uploads\/2022\/01\/cropped-avanzara_przezroczyste-tlo-e1641756970388.png","width":512,"height":512,"caption":"Avanzara"},"image":{"@id":"https:\/\/avz2.avanzara.hosting24.pl\/#\/schema\/logo\/image\/"},"sameAs":["https:\/\/www.facebook.com\/Avanzara-1650735318307180"]}]}},"_links":{"self":[{"href":"https:\/\/avz2.avanzara.hosting24.pl\/index.php?rest_route=\/wp\/v2\/pages\/18","targetHints":{"allow":["GET"]}}],"collection":[{"href":"https:\/\/avz2.avanzara.hosting24.pl\/index.php?rest_route=\/wp\/v2\/pages"}],"about":[{"href":"https:\/\/avz2.avanzara.hosting24.pl\/index.php?rest_route=\/wp\/v2\/types\/page"}],"author":[{"embeddable":true,"href":"https:\/\/avz2.avanzara.hosting24.pl\/index.php?rest_route=\/wp\/v2\/users\/1"}],"replies":[{"embeddable":true,"href":"https:\/\/avz2.avanzara.hosting24.pl\/index.php?rest_route=%2Fwp%2Fv2%2Fcomments&post=18"}],"version-history":[{"count":6,"href":"https:\/\/avz2.avanzara.hosting24.pl\/index.php?rest_route=\/wp\/v2\/pages\/18\/revisions"}],"predecessor-version":[{"id":101,"href":"https:\/\/avz2.avanzara.hosting24.pl\/index.php?rest_route=\/wp\/v2\/pages\/18\/revisions\/101"}],"up":[{"embeddable":true,"href":"https:\/\/avz2.avanzara.hosting24.pl\/index.php?rest_route=\/wp\/v2\/pages\/6"}],"wp:attachment":[{"href":"https:\/\/avz2.avanzara.hosting24.pl\/index.php?rest_route=%2Fwp%2Fv2%2Fmedia&parent=18"}],"curies":[{"name":"wp","href":"https:\/\/api.w.org\/{rel}","templated":true}]}}