{"id":22,"date":"2022-01-09T19:23:29","date_gmt":"2022-01-09T19:23:29","guid":{"rendered":"https:\/\/avz2.avanzara.hosting24.pl\/?page_id=22"},"modified":"2022-07-10T09:20:33","modified_gmt":"2022-07-10T09:20:33","slug":"uslugi","status":"publish","type":"page","link":"https:\/\/avz2.avanzara.hosting24.pl\/?page_id=22","title":{"rendered":"Us\u0142ugi"},"content":{"rendered":"\n<div class=\"wp-block-columns is-layout-flex wp-container-core-columns-is-layout-9d6595d7 wp-block-columns-is-layout-flex\">\n<div class=\"wp-block-column is-vertically-aligned-center is-layout-flow wp-block-column-is-layout-flow\" style=\"flex-basis:33.33%\"><div class=\"wp-block-image is-style-rounded\">\n<figure class=\"aligncenter size-full\"><img loading=\"lazy\" decoding=\"async\" width=\"162\" height=\"162\" src=\"https:\/\/avz2.avanzara.hosting24.pl\/wp-content\/uploads\/2022\/01\/3.png\" alt=\"\" class=\"wp-image-23\" srcset=\"https:\/\/avz2.avanzara.hosting24.pl\/wp-content\/uploads\/2022\/01\/3.png 162w, https:\/\/avz2.avanzara.hosting24.pl\/wp-content\/uploads\/2022\/01\/3-150x150.png 150w\" sizes=\"auto, (max-width: 162px) 100vw, 162px\" \/><\/figure>\n<\/div><\/div>\n\n\n\n<div class=\"wp-block-column is-layout-flow wp-block-column-is-layout-flow\" style=\"flex-basis:66.66%\">\n<h2 class=\"wp-block-heading\" id=\"tlumaczenia-pisemne\">T\u0142umaczenia pisemne<\/h2>\n\n\n\n<p>Wykonuj\u0119 t\u0142umaczenia tekst\u00f3w z i na j\u0119zyk hiszpa\u0144ski oraz angielski, m.in. list\u00f3w, maili, CV i ofert turystycznych. Ka\u017cdy tekst wyceniany jest indywidualnie. Podstawowe stawki za stron\u0119 rozliczeniow\u0105 1800 znak\u00f3w ze spacjami) to:<\/p>\n\n\n\n<ul class=\"wp-block-list\"><li>j\u0119zyk hiszpa\u0144ski (PL-ES, ES-PL): 45 z\u0142 + 23% VAT<\/li><li>j\u0119zyk angielski (PL-EN, EN-PL): 40 z\u0142 + 23% VAT<\/li><\/ul>\n\n\n\n<p>Nie wykonuj\u0119 t\u0142umacze\u0144 przysi\u0119g\u0142ych.<\/p>\n\n\n\n<p>Prosz\u0119 o przes\u0142anie tekstu mailem w celu otrzymania wyceny.<\/p>\n<\/div>\n<\/div>\n\n\n\n<div class=\"wp-block-columns is-layout-flex wp-container-core-columns-is-layout-9d6595d7 wp-block-columns-is-layout-flex\">\n<div class=\"wp-block-column is-vertically-aligned-center is-layout-flow wp-block-column-is-layout-flow\" style=\"flex-basis:33.33%\"><div class=\"wp-block-image is-style-rounded\">\n<figure class=\"aligncenter size-full\"><img loading=\"lazy\" decoding=\"async\" width=\"162\" height=\"162\" src=\"https:\/\/avz2.avanzara.hosting24.pl\/wp-content\/uploads\/2022\/01\/4.png\" alt=\"\" class=\"wp-image-24\" srcset=\"https:\/\/avz2.avanzara.hosting24.pl\/wp-content\/uploads\/2022\/01\/4.png 162w, https:\/\/avz2.avanzara.hosting24.pl\/wp-content\/uploads\/2022\/01\/4-150x150.png 150w\" sizes=\"auto, (max-width: 162px) 100vw, 162px\" \/><\/figure>\n<\/div><\/div>\n\n\n\n<div class=\"wp-block-column is-layout-flow wp-block-column-is-layout-flow\" style=\"flex-basis:66.66%\">\n<h2 class=\"wp-block-heading\" id=\"nauka-jezykow-obcych\">Nauka j\u0119zyk\u00f3w obcych<\/h2>\n\n\n\n<p>Udzielam lekcji online j\u0119zyka hiszpa\u0144skiego (wszystkie poziomy zaawansowania) i angielskiego (do poziomu C1). Zaj\u0119cia s\u0105 dostosowywane do potrzeb ucznia &#8211; mog\u0105 mie\u0107 charakter konwersacji, korepetycji lub kursu. Ucz\u0119 zar\u00f3wno dzieci i nastolatk\u00f3w, jak i osoby doros\u0142e. W przyst\u0119pny spos\u00f3b t\u0142umacz\u0119 gramatyk\u0119, pomagam zdoby\u0107 pewno\u015b\u0107 siebie w m\u00f3wieniu, przygotowuj\u0119 do egzamin\u00f3w i konkurs\u00f3w.<\/p>\n\n\n\n<p><strong>Cena za lekcj\u0119 60 min dla jednego ucznia to 55 z\u0142. <\/strong>W przypadku wi\u0119kszej ilo\u015bci uczestnik\u00f3w, cena ustalana indywidualnie. W celu ustalenie terminu zaj\u0119\u0107, prosz\u0119 o kontakt telefoniczny lub mailowy.<\/p>\n\n\n\n<p>Aby korzysta\u0107 z us\u0142ug oferowanych przez AVANZARA Agata Zep, nale\u017cy zaakceptowa\u0107 poni\u017csz\u0105 Polityk\u0119 Prywatno\u015bci, przesy\u0142aj\u0105c poczt\u0105 elektroniczn\u0105 informacj\u0119: &#8222;Wyra\u017cam zgod\u0119 na przetwarzanie danych osobowych przez Avanzara Agata Zep, zgodnie z Polityk\u0105 Prywatno\u015bci firmy.&#8221;<\/p>\n\n\n\n<p>Bardzo prosz\u0119 o podpisanie si\u0119&nbsp; w mailu pe\u0142nym imieniem i nazwiskiem.<\/p>\n<\/div>\n<\/div>\n","protected":false},"excerpt":{"rendered":"<p>T\u0142umaczenia pisemne Wykonuj\u0119 t\u0142umaczenia tekst\u00f3w z i na j\u0119zyk hiszpa\u0144ski oraz angielski, m.in. list\u00f3w, maili, CV i ofert turystycznych. Ka\u017cdy tekst wyceniany jest indywidualnie. Podstawowe stawki za stron\u0119 rozliczeniow\u0105 1800 &#8230;<\/p>\n","protected":false},"author":1,"featured_media":0,"parent":6,"menu_order":2,"comment_status":"closed","ping_status":"closed","template":"","meta":{"footnotes":""},"class_list":["post-22","page","type-page","status-publish","hentry"],"yoast_head":"<!-- This site is optimized with the Yoast SEO plugin v27.4 - https:\/\/yoast.com\/product\/yoast-seo-wordpress\/ -->\n<title>Us\u0142ugi - Avanzara<\/title>\n<meta name=\"robots\" content=\"index, follow, max-snippet:-1, max-image-preview:large, max-video-preview:-1\" \/>\n<link rel=\"canonical\" href=\"https:\/\/avz2.avanzara.hosting24.pl\/?page_id=22\" \/>\n<meta property=\"og:locale\" content=\"pl_PL\" \/>\n<meta property=\"og:type\" content=\"article\" \/>\n<meta property=\"og:title\" content=\"Us\u0142ugi - Avanzara\" \/>\n<meta property=\"og:description\" content=\"T\u0142umaczenia pisemne Wykonuj\u0119 t\u0142umaczenia tekst\u00f3w z i na j\u0119zyk hiszpa\u0144ski oraz angielski, m.in. list\u00f3w, maili, CV i ofert turystycznych. Ka\u017cdy tekst wyceniany jest indywidualnie. Podstawowe stawki za stron\u0119 rozliczeniow\u0105 1800 ...\" \/>\n<meta property=\"og:url\" content=\"https:\/\/avz2.avanzara.hosting24.pl\/?page_id=22\" \/>\n<meta property=\"og:site_name\" content=\"Avanzara\" \/>\n<meta property=\"article:publisher\" content=\"https:\/\/www.facebook.com\/Avanzara-1650735318307180\" \/>\n<meta property=\"article:modified_time\" content=\"2022-07-10T09:20:33+00:00\" \/>\n<meta property=\"og:image\" content=\"https:\/\/avz2.avanzara.hosting24.pl\/wp-content\/uploads\/2022\/01\/3.png\" \/>\n<meta name=\"twitter:card\" content=\"summary_large_image\" \/>\n<meta name=\"twitter:label1\" content=\"Szacowany czas czytania\" \/>\n\t<meta name=\"twitter:data1\" content=\"2 minuty\" \/>\n<script type=\"application\/ld+json\" class=\"yoast-schema-graph\">{\"@context\":\"https:\\\/\\\/schema.org\",\"@graph\":[{\"@type\":\"WebPage\",\"@id\":\"https:\\\/\\\/avz2.avanzara.hosting24.pl\\\/?page_id=22\",\"url\":\"https:\\\/\\\/avz2.avanzara.hosting24.pl\\\/?page_id=22\",\"name\":\"Us\u0142ugi - Avanzara\",\"isPartOf\":{\"@id\":\"https:\\\/\\\/avz2.avanzara.hosting24.pl\\\/#website\"},\"primaryImageOfPage\":{\"@id\":\"https:\\\/\\\/avz2.avanzara.hosting24.pl\\\/?page_id=22#primaryimage\"},\"image\":{\"@id\":\"https:\\\/\\\/avz2.avanzara.hosting24.pl\\\/?page_id=22#primaryimage\"},\"thumbnailUrl\":\"https:\\\/\\\/avz2.avanzara.hosting24.pl\\\/wp-content\\\/uploads\\\/2022\\\/01\\\/3.png\",\"datePublished\":\"2022-01-09T19:23:29+00:00\",\"dateModified\":\"2022-07-10T09:20:33+00:00\",\"breadcrumb\":{\"@id\":\"https:\\\/\\\/avz2.avanzara.hosting24.pl\\\/?page_id=22#breadcrumb\"},\"inLanguage\":\"pl-PL\",\"potentialAction\":[{\"@type\":\"ReadAction\",\"target\":[\"https:\\\/\\\/avz2.avanzara.hosting24.pl\\\/?page_id=22\"]}]},{\"@type\":\"ImageObject\",\"inLanguage\":\"pl-PL\",\"@id\":\"https:\\\/\\\/avz2.avanzara.hosting24.pl\\\/?page_id=22#primaryimage\",\"url\":\"https:\\\/\\\/avz2.avanzara.hosting24.pl\\\/wp-content\\\/uploads\\\/2022\\\/01\\\/3.png\",\"contentUrl\":\"https:\\\/\\\/avz2.avanzara.hosting24.pl\\\/wp-content\\\/uploads\\\/2022\\\/01\\\/3.png\",\"width\":162,\"height\":162},{\"@type\":\"BreadcrumbList\",\"@id\":\"https:\\\/\\\/avz2.avanzara.hosting24.pl\\\/?page_id=22#breadcrumb\",\"itemListElement\":[{\"@type\":\"ListItem\",\"position\":1,\"name\":\"Strona g\u0142\u00f3wna\",\"item\":\"https:\\\/\\\/avz2.avanzara.hosting24.pl\\\/\"},{\"@type\":\"ListItem\",\"position\":2,\"name\":\"Strona G\u0142\u00f3wna\",\"item\":\"https:\\\/\\\/avz2.avanzara.hosting24.pl\\\/\"},{\"@type\":\"ListItem\",\"position\":3,\"name\":\"Us\u0142ugi\"}]},{\"@type\":\"WebSite\",\"@id\":\"https:\\\/\\\/avz2.avanzara.hosting24.pl\\\/#website\",\"url\":\"https:\\\/\\\/avz2.avanzara.hosting24.pl\\\/\",\"name\":\"Avanzara\",\"description\":\"T\u0142umaczenia z pasj\u0105\",\"publisher\":{\"@id\":\"https:\\\/\\\/avz2.avanzara.hosting24.pl\\\/#organization\"},\"potentialAction\":[{\"@type\":\"SearchAction\",\"target\":{\"@type\":\"EntryPoint\",\"urlTemplate\":\"https:\\\/\\\/avz2.avanzara.hosting24.pl\\\/?s={search_term_string}\"},\"query-input\":{\"@type\":\"PropertyValueSpecification\",\"valueRequired\":true,\"valueName\":\"search_term_string\"}}],\"inLanguage\":\"pl-PL\"},{\"@type\":\"Organization\",\"@id\":\"https:\\\/\\\/avz2.avanzara.hosting24.pl\\\/#organization\",\"name\":\"Avanzara\",\"url\":\"https:\\\/\\\/avz2.avanzara.hosting24.pl\\\/\",\"logo\":{\"@type\":\"ImageObject\",\"inLanguage\":\"pl-PL\",\"@id\":\"https:\\\/\\\/avz2.avanzara.hosting24.pl\\\/#\\\/schema\\\/logo\\\/image\\\/\",\"url\":\"https:\\\/\\\/avz2.avanzara.hosting24.pl\\\/wp-content\\\/uploads\\\/2022\\\/01\\\/cropped-avanzara_przezroczyste-tlo-e1641756970388.png\",\"contentUrl\":\"https:\\\/\\\/avz2.avanzara.hosting24.pl\\\/wp-content\\\/uploads\\\/2022\\\/01\\\/cropped-avanzara_przezroczyste-tlo-e1641756970388.png\",\"width\":512,\"height\":512,\"caption\":\"Avanzara\"},\"image\":{\"@id\":\"https:\\\/\\\/avz2.avanzara.hosting24.pl\\\/#\\\/schema\\\/logo\\\/image\\\/\"},\"sameAs\":[\"https:\\\/\\\/www.facebook.com\\\/Avanzara-1650735318307180\"]}]}<\/script>\n<!-- \/ Yoast SEO plugin. -->","yoast_head_json":{"title":"Us\u0142ugi - Avanzara","robots":{"index":"index","follow":"follow","max-snippet":"max-snippet:-1","max-image-preview":"max-image-preview:large","max-video-preview":"max-video-preview:-1"},"canonical":"https:\/\/avz2.avanzara.hosting24.pl\/?page_id=22","og_locale":"pl_PL","og_type":"article","og_title":"Us\u0142ugi - Avanzara","og_description":"T\u0142umaczenia pisemne Wykonuj\u0119 t\u0142umaczenia tekst\u00f3w z i na j\u0119zyk hiszpa\u0144ski oraz angielski, m.in. list\u00f3w, maili, CV i ofert turystycznych. Ka\u017cdy tekst wyceniany jest indywidualnie. Podstawowe stawki za stron\u0119 rozliczeniow\u0105 1800 ...","og_url":"https:\/\/avz2.avanzara.hosting24.pl\/?page_id=22","og_site_name":"Avanzara","article_publisher":"https:\/\/www.facebook.com\/Avanzara-1650735318307180","article_modified_time":"2022-07-10T09:20:33+00:00","og_image":[{"url":"https:\/\/avz2.avanzara.hosting24.pl\/wp-content\/uploads\/2022\/01\/3.png","type":"","width":"","height":""}],"twitter_card":"summary_large_image","twitter_misc":{"Szacowany czas czytania":"2 minuty"},"schema":{"@context":"https:\/\/schema.org","@graph":[{"@type":"WebPage","@id":"https:\/\/avz2.avanzara.hosting24.pl\/?page_id=22","url":"https:\/\/avz2.avanzara.hosting24.pl\/?page_id=22","name":"Us\u0142ugi - Avanzara","isPartOf":{"@id":"https:\/\/avz2.avanzara.hosting24.pl\/#website"},"primaryImageOfPage":{"@id":"https:\/\/avz2.avanzara.hosting24.pl\/?page_id=22#primaryimage"},"image":{"@id":"https:\/\/avz2.avanzara.hosting24.pl\/?page_id=22#primaryimage"},"thumbnailUrl":"https:\/\/avz2.avanzara.hosting24.pl\/wp-content\/uploads\/2022\/01\/3.png","datePublished":"2022-01-09T19:23:29+00:00","dateModified":"2022-07-10T09:20:33+00:00","breadcrumb":{"@id":"https:\/\/avz2.avanzara.hosting24.pl\/?page_id=22#breadcrumb"},"inLanguage":"pl-PL","potentialAction":[{"@type":"ReadAction","target":["https:\/\/avz2.avanzara.hosting24.pl\/?page_id=22"]}]},{"@type":"ImageObject","inLanguage":"pl-PL","@id":"https:\/\/avz2.avanzara.hosting24.pl\/?page_id=22#primaryimage","url":"https:\/\/avz2.avanzara.hosting24.pl\/wp-content\/uploads\/2022\/01\/3.png","contentUrl":"https:\/\/avz2.avanzara.hosting24.pl\/wp-content\/uploads\/2022\/01\/3.png","width":162,"height":162},{"@type":"BreadcrumbList","@id":"https:\/\/avz2.avanzara.hosting24.pl\/?page_id=22#breadcrumb","itemListElement":[{"@type":"ListItem","position":1,"name":"Strona g\u0142\u00f3wna","item":"https:\/\/avz2.avanzara.hosting24.pl\/"},{"@type":"ListItem","position":2,"name":"Strona G\u0142\u00f3wna","item":"https:\/\/avz2.avanzara.hosting24.pl\/"},{"@type":"ListItem","position":3,"name":"Us\u0142ugi"}]},{"@type":"WebSite","@id":"https:\/\/avz2.avanzara.hosting24.pl\/#website","url":"https:\/\/avz2.avanzara.hosting24.pl\/","name":"Avanzara","description":"T\u0142umaczenia z pasj\u0105","publisher":{"@id":"https:\/\/avz2.avanzara.hosting24.pl\/#organization"},"potentialAction":[{"@type":"SearchAction","target":{"@type":"EntryPoint","urlTemplate":"https:\/\/avz2.avanzara.hosting24.pl\/?s={search_term_string}"},"query-input":{"@type":"PropertyValueSpecification","valueRequired":true,"valueName":"search_term_string"}}],"inLanguage":"pl-PL"},{"@type":"Organization","@id":"https:\/\/avz2.avanzara.hosting24.pl\/#organization","name":"Avanzara","url":"https:\/\/avz2.avanzara.hosting24.pl\/","logo":{"@type":"ImageObject","inLanguage":"pl-PL","@id":"https:\/\/avz2.avanzara.hosting24.pl\/#\/schema\/logo\/image\/","url":"https:\/\/avz2.avanzara.hosting24.pl\/wp-content\/uploads\/2022\/01\/cropped-avanzara_przezroczyste-tlo-e1641756970388.png","contentUrl":"https:\/\/avz2.avanzara.hosting24.pl\/wp-content\/uploads\/2022\/01\/cropped-avanzara_przezroczyste-tlo-e1641756970388.png","width":512,"height":512,"caption":"Avanzara"},"image":{"@id":"https:\/\/avz2.avanzara.hosting24.pl\/#\/schema\/logo\/image\/"},"sameAs":["https:\/\/www.facebook.com\/Avanzara-1650735318307180"]}]}},"_links":{"self":[{"href":"https:\/\/avz2.avanzara.hosting24.pl\/index.php?rest_route=\/wp\/v2\/pages\/22","targetHints":{"allow":["GET"]}}],"collection":[{"href":"https:\/\/avz2.avanzara.hosting24.pl\/index.php?rest_route=\/wp\/v2\/pages"}],"about":[{"href":"https:\/\/avz2.avanzara.hosting24.pl\/index.php?rest_route=\/wp\/v2\/types\/page"}],"author":[{"embeddable":true,"href":"https:\/\/avz2.avanzara.hosting24.pl\/index.php?rest_route=\/wp\/v2\/users\/1"}],"replies":[{"embeddable":true,"href":"https:\/\/avz2.avanzara.hosting24.pl\/index.php?rest_route=%2Fwp%2Fv2%2Fcomments&post=22"}],"version-history":[{"count":4,"href":"https:\/\/avz2.avanzara.hosting24.pl\/index.php?rest_route=\/wp\/v2\/pages\/22\/revisions"}],"predecessor-version":[{"id":114,"href":"https:\/\/avz2.avanzara.hosting24.pl\/index.php?rest_route=\/wp\/v2\/pages\/22\/revisions\/114"}],"up":[{"embeddable":true,"href":"https:\/\/avz2.avanzara.hosting24.pl\/index.php?rest_route=\/wp\/v2\/pages\/6"}],"wp:attachment":[{"href":"https:\/\/avz2.avanzara.hosting24.pl\/index.php?rest_route=%2Fwp%2Fv2%2Fmedia&parent=22"}],"curies":[{"name":"wp","href":"https:\/\/api.w.org\/{rel}","templated":true}]}}